vided by 9.
6
Let o(g) = -g**3 + 5*g**2 + g - 1. Let m be o(5). Suppose -5*p = c - 235, 0 = 5*p - m*c - c - 235. Calculate the remainder when p is divided by 12.
11
Suppose 14 = 4*q - 3*q. Let c be 12/(-1)*(-2 + 0). Let v = c - -3. What is the remainder when v is divided by q?
13
Let l(k) = -k**3 - 3*k**2 + 4*k + 10. What is the remainder when 57 is divided by l(-4)?
7
Let x(i) = i**2 - 6*i - 16. Let r = 23 + -10. Calculate the remainder when x(10) is divided by r.
11
Suppose 5*q - 2*n = 23, 34 = 5*q + 3*n + 6. Calculate the remainder when q is divided by 3.
2
Let y = -37 + 9. Let j = 14 - y. Calculate the remainder when j is divided by 22.
20
Suppose h = 3*o - 14 - 59, -47 = -2*o - h. What is the remainder when o is divided by (-13)/(2/((-2)/1))?
11
Suppose n - 24 = s, -5*n + 4*s - 73 + 189 = 0. Calculate the remainder when 58 is divided by n.
18
Let c(q) = q**3 + 1. Let a = 8 - -2. Calculate the remainder when c(3) is divided by a.
8
Let l(u) = 3*u + 4. Let p(o) = -2*o + 3*o + 4*o + 9. Let b(t) = -7*l(t) + 4*p(t). Calculate the remainder when 3 is divided by b(7).
0
Suppose -117 = -27*h + 18*h. Suppose -3*b + b + 100 = 0. Calculate the remainder when b is divided by h.
11
Let n = -34 - -73. Calculate the remainder when n is divided by 6.
3
Let g = -35 + 60. Calculate the remainder when g is divided by 7.
4
Suppose d + 2 = 0, -4*g - 4*d = -29 - 51. Suppose l + 32 = 3*n, -34 = 3*l + n + g. Calculate the remainder when (-328)/l + (-2)/5 is divided by 9.
7
Suppose 3*s + 3*w = 2*s + 34, -5*s = 5*w - 140. Suppose -5*b + 5*f = -50 - 335, b = 2*f + 82. Calculate the remainder when b is divided by s.
22
Let l(n) = -n**2 + 15. Calculate the remainder when 39 is divided by l(0).
9
Let o(y) = -y**2 + 7*y + 1. Calculate the remainder when 30 is divided by o(5).
8
Suppose -5*h = 3*v - 262 - 30, -h + 61 = -2*v. Let z = 22 - -23. Let y = -25 + z. Calculate the remainder when h is divided by y.
19
Let p(q) = 12*q**2. Suppose -h = 2*i + 2*i + 9, -2*h = -5*i + 5. Suppose -d = -43 + 8. What is the remainder when d is divided by p(i)?
11
Let h(v) be the second derivative of -v**3/6 - v**2 - v. Calculate the remainder when (-4)/(-6) - 13/(-3) is divided by h(-5).
2
Calculate the remainder when 47 is divided by -3 + 13 + 0 + 3 + -3.
7
Let o(c) = -4*c**2 - 8 - 5*c - 3*c**2 + 4*c. Let z be o(6). What is the remainder when 45 is divided by 4/(-6) + z/(-21)?
9
Let t be 2/(-9) - 227/(-9). Let s = -9 + t. Calculate the remainder when 2/5 + s/10 is divided by 2.
0
Suppose -2*t = t + 6, -3*a + 12 = -3*t. What is the remainder when 23 is divided by a*(1 + 3 + 2)?
11
Suppose -2*v + 3*v + 7 = 0. Let u(k) = 5 + 5*k**2 + 4*k**2 + 11*k + k**3 + 0*k**2. Calculate the remainder when u(v) is divided by 9.
8
Suppose 0 = 4*t - 4 - 8. Calculate the remainder when 5 is divided by t.
2
Suppose -4*m - 2*q + 59 = 3*q, -5*m - 3*q = -77. Suppose -2*r + 12 + 48 = 0. Calculate the remainder when r is divided by m.
14
Let q(m) = -m - 10. Let p be q(-7). Let i = 1 + p. What is the remainder when 28 is divided by ((-10)/8)/(i/24)?
13
Let d(p) = -p**3 + 3*p**2 + p + 3. Let i = -2 - -4. What is the remainder when 1*19 - 4/i is divided by d(3)?
5
Let p = 368 + -252. Let u = 120 + -187. Let y = p + u. What is the remainder when y is divided by 17?
15
Suppose -9 = -u - 4*w, 3*w - 18 = -2*u + 5*w. Calculate the remainder when u is divided by 5.
4
Let h(m) = m**3 + 5. What is the remainder when h(4) is divided by 10?
9
Suppose 0 = 3*b - p + 4, -8 = 3*b - 5*p - 0*p. What is the remainder when 14 - b - 3/1 is divided by 7?
5
Let x(a) = -a**3 + 8*a**2 + 8*a + 2. Let v be x(9). Let h(s) = -s**3 - 8*s**2 - 8*s - 3. What is the remainder when h(v) is divided by 2?
0
Let k be (36/27)/((-2)/(-3)). Suppose -k*z + 75 = z + 5*p, 3*z - 3*p - 75 = 0. What is the remainder when 97 is divided by z?
22
Let j = -24 + 28. Suppose 178 - 10 = j*q. Suppose 0 = 3*l + l - 12, t - 3*l - 6 = 0. Calculate the remainder when q is divided by t.
12
Let u be (-12)/10 + (-5)/(-25). Let z(w) = -12*w**3 - w. Let n(a) = 24*a**2. Calculate the remainder when n(1) is divided by z(u).
11
Let z = 19 + 77. What is the remainder when z is divided by 14?
12
Suppose -4*g - 402 = -7*g. Suppose 4*p - 178 = 3*z + 2*z, -3*p + g = -4*z. Calculate the remainder when p is divided by 15.
12
Let z = -5 + 12. Suppose z = 4*p - 13. What is the remainder when 19 is divided by p?
4
Let g(s) = s**2 + 7*s + 3. Let v(c) = -c**2 - 8*c - 3. Let z(n) = 6*g(n) + 5*v(n). Let j = 0 - -7. What is the remainder when z(-5) is divided by j?
4
Let f = 178 + -127. Suppose -4*s + j = 2*j - f, 5*s = -5*j + 60. Calculate the remainder when 62 is divided by s.
10
What is the remainder when 25 is divided by 8/2 - (-2 - 1)?
4
Suppose 0 = t + 3 - 2. Let n be (-4)/(-14) + 158/(-14). Calculate the remainder when 26 is divided by -5 - -4 - (n - t).
8
Suppose -4*z = -5*i + 29, -4*z = -5*z - i + 4. Let r(o) = -o**3 + 6*o**2 + 5*o + 8. What is the remainder when r(6) is divided by -26*((-2)/(-4) + z)?
12
Let y(h) = -3*h + 6. Calculate the remainder when y(-5) is divided by 11.
10
Let r = 73 - 18. Suppose -5*x = r - 160. Calculate the remainder when x is divided by 11.
10
Suppose -2*h - 1 + 9 = 0. Let z = 109 + -77. Calculate the remainder when z is divided by (18/h + 1)*2.
10
Let u(l) = -4*l**2 + l. Let z be u(1). What is the remainder when 56 is divided by (-58)/(-3) + 1/z?
18
Let l(s) = 40*s**3 - s**2 - s + 1. Calculate the remainder when l(1) is divided by 21.
18
Suppose 0 = 4*g - 5*m - 188, 2*g + 2*m = -0*g + 76. What is the remainder when 124 is divided by g?
40
Let m(o) = -o**2 + 2. Calculate the remainder when (18*8/12)/2 is divided by m(0).
0
Suppose 4*w = 12, 6*z - 5*z = 4*w + 35. What is the remainder when z is divided by 25?
22
Suppose 15 = 4*v - 3*n, -5*v + 7*n + 20 = 2*n. Suppose 0 = v*i - 5 - 64. What is the remainder when i is divided by 12?
11
What is the remainder when 712/20*(-10)/(-4) is divided by 31?
27
Suppose -2*q = -5*l - 69, -3*l = q - 4*l - 27. Calculate the remainder when q is divided by (6/(-5))/((-2)/20).
10
Suppose 31 = -5*s + 151. Let j = -11 + s. Calculate the remainder when j is divided by 7.
6
Suppose -3*y = -0*y + 3. Let i be (-2 - -3)*4/y. Let n = 9 + i. Calculate the remainder when 8 is divided by n.
3
Calculate the remainder when 148 is divided by 49/196 - 310/(-8).
31
Suppose 20 = 4*h - 0*h. Suppose 3*r - 8 = -h*c + 47, c + 5*r = 11. Calculate the remainder when c is divided by 6.
5
Suppose 5*l + 5*z = 30, -2*l - 3*z + 26 = 3*l. Suppose l*i - 49 = -3*q, -i = 5*q - 2 - 6. Suppose 0*u = u - 25. What is the remainder when u is divided by i?
12
Suppose 4*r - 100 - 148 = 0. Calculate the remainder when r is divided by 16.
14
Suppose -r - 3 = -3*g, -3*g - 1 = -4*g + 4*r. What is the remainder when 4 is divided by g?
0
Let h(l) = -l**3 + 6*l**2 + 3*l - 4. Suppose -g = -3*g + k + 235, 5*g = 5*k + 600. Suppose -3*s + g + 8 = 0. Calculate the remainder when s is divided by h(6).
13
Suppose -4*l + 181 = 45. Suppose -n = 2 - l. What is the remainder when n is divided by 11?
10
Let k(v) = -3*v - 10. What is the remainder when 38 is divided by k(-5)?
3
What is the remainder when 94 - (1 - (4 - 0)) is divided by 11?
9
Suppose 4*n - 33 = 3. What is the remainder when n is divided by 2?
1
Suppose -5*y + 8 = -2. Let j = -35 + 53. Suppose 0 = f + y*f - j. What is the remainder when f is divided by 2?
0
Suppose h - 2*h - 5*t + 16 = 0, 0 = h - t + 8. Let k = h + 8. Suppose x = k*x - 12. Calculate the remainder when 7 is divided by x.
3
Let v = -65 + 215. Calculate the remainder when v is divided by 17.
14
What is the remainder when 7256/72 + 2/9 is divided by 26?
23
Suppose 0 = 2*i - 0*i - 4. Suppose 3*f + 4*b + 24 = 0, -i*b = -f + b - 21. What is the remainder when f*16/(-6) + -1 is divided by 11?
9
Suppose 0 = j - 7*j + 84. What is the remainder when 38 is divided by j?
10
Suppose -2*b - 8 = 0, -4*b + 9*b + 132 = 4*w. Suppose x - 5*i = -3*i + 61, 5*x + 4*i = 249. Calculate the remainder when x is divided by w.
25
Let j = 7 - 2. Suppose -j*g + 0*g = 0. Calculate the remainder when 10 - (g/(-1) + 1) is divided by 5.
4
Suppose 0 = -4*k - 5*i - 3, 0 = -3*k - 0*k + 3*i + 18. Calculate the remainder when 8 is divided by k.
2
Suppose -h - 5*b + 48 = 8, -5*b = -25. 